 12*f - 29694. Is f prime?
False
Let v(n) = 2*n**2 - 9*n + 4. Suppose -3*h - 2*b = -31, -h + 3*b = -3*h + 14. Let r = h + -7. Is v(r) composite?
True
Let p be 2/4*0/5. Suppose 3*w - 1212 - 72 = p. Is w/6 + 3/(-9) prime?
True
Suppose 11*p - 27022 = 36481. Is p prime?
False
Suppose 2*t = -5*y + 4003, -3*y = -6*y + 2*t + 2389. Is y a composite number?
True
Let n = 999 - 2017. Let q = -335 - n. Is q composite?
False
Suppose -96*a + 45076 = -92*a. Is a prime?
False
Let x = -28 - -31. Is 4*((-81)/(-4) - x) a composite number?
True
Let n be 7*(3 + -5 - -1). Let o = -5 - n. Suppose o*v - 58 = 16. Is v a composite number?
False
Let q(m) = m**3 + 5*m**2 + m + 7. Let u be q(-5). Suppose -4*a - 67 = -2*i - i, 2*i = 4*a + 46. Suppose 7 = u*g - i. Is g composite?
True
Suppose -4*m - 152 = 4*b - 0*m, -5*b + 5*m - 230 = 0. Is b/(-70) + (-964)/(-10) a composite number?
False
Let p = 172 - 169. Let r(f) = -7*f**3 - 7*f**2 - 2*f - 4. Let u be r(-6). Suppose -u = -p*a - a. Is a a composite number?
False
Let w(l) = -45*l - 1. Suppose -4*z + 5*v + 0*v + 43 = 0, v - 13 = -z. Let b = -14 + z. Is w(b) prime?
True
Let c = 12634 - 7613. Is c a prime number?
True
Suppose 0 = -4*l + 2*i - 88, 0 = l - 3*l - 5*i - 20. Let j = -82 - -29. Let f = l - j. Is f prime?
False
Is ((-15817)/2)/((-21)/42) a composite number?
False
Suppose 5*l = -5*g - 0*g + 3775, 3799 = 5*g - l. Suppose 3*b = -4*i + g, -2*i + 0*i = -3*b + 759. Is b composite?
True
Let p be (1 - 3)/((-11)/1837). Suppose -2*w - 6 = p. Let f = w + 267. Is f a composite number?
False
Suppose -4558 = -t - 173. Is t prime?
False
Let p(r) = 3395*r - 76. Is p(3) prime?
False
Suppose -9 - 25 = -17*n. Suppose -2*a + 8780 = -n*b, 0 = a + 5*b - 1785 - 2575. Is a a prime number?
False
Suppose 2*f + 414 = u + 39, -2*u - 4*f + 774 = 0. Let t = 698 - u. Is t a prime number?
True
Let m(n) = 83*n**3 + 3*n**2 - 16*n + 14. Is m(3) prime?
False
Let m(o) = o**2 + 3*o - 1. Let p be m(2). Let w = p - 9. Suppose w = -11*h + 8*h + 222. Is h a composite number?
True
Suppose 0 = 3*n + 9 + 21. Let u be (15*-1 - 2)/1. Let g = n - u. Is g a composite number?
False
Let w(o) = 16*o - 392*o - 29*o - 83*o + 77. Is w(-7) prime?
False
Let u(v) = -v**2 + 112*v + 94. Is u(53) composite?
False
Suppose 0 = -4*f + 739 + 11457. Is f a prime number?
True
Is 24438/(-24)*4/(-1) composite?
False
Let y(j) = j**3 - j + 28. Let k be y(0). Suppose 52 = -5*p - 2*l, 4*p - p + 2*l = -k. Let q = p - -49. Is q a composite number?
False
Suppose 80 = -d - 2362. Let b be (2/4)/((-1)/d). Let x = b + -754. Is x composite?
False
Let z be ((-111)/(-2))/(3/20). Suppose 3*d = -2*d + 20. Suppose -d*b - 6 = -z. Is b prime?
False
Suppose 0 = 9*m + 2*m + 2948. Let o = m + 647. Is o a composite number?
False
Let n(h) = h**3 + 9*h**2 + 7*h - 6. Let u be n(-8). Suppose 4 = 3*l - u. Suppose 0 = l*y - 65 - 59. Is y prime?
False
Let g(o) = -2*o - 13. Let p be g(-9). Suppose 3*t - 2*q + 273 = 25, p*t + q = -422. Let u = t + 837. Is u composite?
True
Suppose -q + 5 + 4 = -4*a, -4*q + 36 = -3*a. Suppose 4*j - 693 = 2*g + q, -2*j - g = -361. Is j a prime number?
False
Let y = 54 - 52. Suppose -i = 5*b - 204, 0 = i - y*b - 75 - 94. Is i composite?
False
Let y = 257 + -96. Is y prime?
False
Let u(q) = q**2 - 2*q + 1. Let d be u(1). Suppose d*v = -2*v + 1328. Suppose -773 = -3*m + v. Is m a composite number?
False
Is 4207 - (-4)/6*9*-1 composite?
False
Suppose -21 = -4*u - 1. Let j = 8 - u. Suppose 0 = j*c - 5*x - 108, -2*c + 0*c + 2*x = -68. Is c composite?
False
Let t(k) = 2*k**2 + k + 314. Let f be t(0). Suppose 0 = m - f - 177. Is m composite?
False
Is 30/10 - -2*(66429 - -2) a prime number?
False
Let s(f) = -15*f - 1. Let u be s(-1). Let p = u + -11. Suppose p*x - 36 = 21. Is x a composite number?
False
Let m(k) = k**3 + k. Let d be m(1). Suppose -d*q + c + 11 = -37, 6 = q + 4*c. Let a = q + 123. Is a a prime number?
False
Is 21686 + 2/9 + (-232)/72 a composite number?
False
Let h be (-2)/4*(30/6 - 5). Is ((-1143)/(-6) + h)*(-2)/(-3) prime?
True
Let n be 2/(-2) - 6/(-6). Suppose n*r + 128 = 4*r. Suppose -m + 176 + r = a, -a = -3*m - 220. Is a composite?
False
Suppose 0 = -4*s + 3*s - 43. Let u = s + 95. Suppose 2*m = -4*h + u, 5*h + 96 = 3*m + 18. Is m a prime number?
False
Let a(r) = -46008*r + 127. Is a(-1) composite?
True
Let i = 14583 - 9986. Is i a composite number?
False
Let g = -985 + 2305. Let a be (-20)/6*g/(-100). Let w = 43 + a. Is w a composite number?
True
Let f(m) = -250*m**3 - 8*m**2 + m + 23. Is f(-6) prime?
False
Suppose -14*v + 37555 = 21*v. Is v composite?
True
Let i(g) = 9*g - 40. Let y(b) = -8*b + 40. Let n(w) = 5*i(w) + 4*y(w). Is n(18) prime?
False
Let m(u) = -u**3 - 9*u**2 + 5. Let o be m(-9). Suppose o*b - 598 = 877. Is b a prime number?
False
Let r be (-6 - -6)*1/2. Suppose m + 9*m - 5150 = r. Is m a composite number?
True
Let l = 1196 + -1202. Let m(o) be the first derivative of -18*o**2 - 13*o + 1. Is m(l) composite?
True
Let u be (-9)/(-5)*10/6. Is ((-2)/(-10))/(u/885) a prime number?
True
Let v(j) = -26855*j - 48. Is v(-1) a composite number?
True
Let f be (3 - 0) + 21/(-7). Let r(h) = h**2 - h. Let d be r(f). Suppose -a = 2*u - 79, -4*a + 10*u - 5*u + 355 = d. Is a a prime number?
False
Let w(k) = 3*k**2 + k. Let o be w(1). Suppose q = -5*b - q - 190, 5*b = o*q - 160. Let f = b - -58. Is f composite?
True
Let p = -6666 + 10107. Let f be p/15 + 6/(-15). Let o = f + -146. Is o a composite number?
False
Let i(d) = -3*d**3 + 16*d**2 + 21*d - 27. Is i(-14) a prime number?
True
Suppose 0*h + 39 = k - h, 2*h - 138 = -4*k. Let w = k - 85. Let i = 28 - w. Is i a composite number?
True
Let g(r) = r**2 - 8*r + 10. Let y be g(7). Suppose -d - 2866 = -3*h - y*d, 3*h + 3*d - 2871 = 0. Suppose -4*z - 356 + h = 0. Is z composite?
False
Let p(w) = 2*w - 10. Let h be p(9). Let m = h + -5. Suppose -379 = -4*d + m*d. Is d a prime number?
True
Suppose 5*h - i + 4*i - 26 = 0, -14 = -2*h - 3*i. Suppose h = 5*c + 19. Is (-646)/c + (-2)/6 prime?
False
Suppose -f - 5*p = -0*f + 6931, -2*f = 3*p + 13827. Is (6/(-18))/(2/f) prime?
True
Is (-1 - -233) + (-4)/36*-9 composite?
False
Suppose 2*w - 291 = -w. Let o = 166 - w. Suppose 0 = 5*r - 166 - o. Is r a prime number?
True
Let y = 168856 - 103983. Is y a composite number?
True
Let k(i) = -5*i**3 - 2*i**2 - 4*i - 8. Suppose 0 = 5*l - 4*s - 13, -5*s - 4 - 3 = 3*l. Suppose -15 = 2*t - l. Is k(t) a composite number?
False
Let f = 167 - -60. Let y(o) = 2*o**3 + 5*o**2 + 4*o - 3. Let b be y(-5). Let q = f + b. Is q a composite number?
False
Suppose 5*u = 4*x + 170427, 0 = -u - 2*x - 0*x + 34077. Is ((-2)/3)/((-42)/u) composite?
False
Let r(v) = 251 - 5*v**2 - 2*v + 4*v**2 + 0*v + 3*v. Is r(0) a prime number?
True
Let a be -4 - (-5)/(10/(-4)). Is 8060/30 - 2/a a prime number?
True
Suppose 18*r + 14588 = 19*r. Suppose -5*f + r = -f. Is f composite?
True
Let z be 0 + -542*(9/6 + -2). Let l = z + 210. Is l a composite number?
True
Suppose -2*g + 49 + 23 = 0. Suppose 0 = l + 2*l - g. Is (-525)/(-4) - 3/l a composite number?
False
Let o(y) = 23*y**2 + 17*y - 29. Let b = 3 - -2. Is o(b) prime?
True
Let l(d) be the first derivative of 81*d**2 - 51*d - 16. Is l(20) prime?
False
Is ((-301984)/(-72) - -7) + (-2)/9 a composite number?
False
Suppose -4*g = 2*a - 6 - 2, -47 = -3*a + g. Suppose 0 = -27*n + a*n + 8086. Is n composite?
True
Suppose 4*z - 8316 = -4*g, -3*g = 11*z - 6*z - 10399. Is z a prime number?
True
Let h(a) = -a**2 - 24*a + 5. Suppose 33 = -3*i + 3. Is h(i) prime?
False
Let a(o) = 30*o - 3. Let m = 28 - 20. Is a(m) a composite number?
True
Let h = 288 - 423. Let i = 385 + -647. Let f = h - i. Is f composite?
False
Let t(g) = -5*g + 5 + 3*g**3 + 2*g**2 - 2*g - 8*g**2 - 2*g**3. Let j be t(7). Suppose j*k + 69 = 3*q + 2*k, -5*q - 5*k + 145 = 0. Is q a composite number?
True
Let l(v) = -29*v - 17 + 0*v - 7*v. Is l(-11) a composite number?
False
Let g be (1/(-2))/((-3)/5730). Let i = g + -306. Is i composite?
True
Is 172140/114 - (4/2 - -1) prime?
False
Let z be 6*(-14)/(-18)*(-48)/(-28). Suppose -r + 2346 = 2*y, 0 = r - 6 + z. Is y composite?
True
Let a = -12 + 14. Let h(z) = -z**3 + 2*z**2 + 3*z - 3. Is h(a) a composite number?
False
Is (-3)/4 - (-1007994)/24 a prime number?
True
Suppose -z - 2410 + 13460 = 5*r, 0 = -4*z + 3*r + 44085. Is (